+ 3*p + 79, -2*p = -10. Suppose -m - d + c = 0, -118 = -5*m - 2*d + 107. Is m composite?
False
Suppose -5*a + 5*z = -15, -z - 2*z - 13 = -4*a. Suppose -341 = -2*t - 5*n, -283 = -a*t + 5*n + 324. Let v = 225 - t. Is v prime?
True
Let x be 24 + 0*2/(-6). Suppose -141 = -3*l + x. Is l composite?
True
Let s = -2 + 4. Suppose -s*b = 2*x - 36, b + 48 = -x + 3*x. Is x a prime number?
False
Let g(l) = -l**3 + 9*l**2 - 8*l - 5. Suppose 3*d - 10 - 2 = 0. Let n be d - (-2 + 0 + -1). Is g(n) a prime number?
True
Suppose -810 = -y - 5*b, -y + 780 = -4*b + 3*b. Is y prime?
False
Let f be (-2)/9 + (-258)/54. Let j(l) = -17*l + 6. Is j(f) composite?
True
Let m = 10 - 7. Suppose -2*k = -m*k + 5. Let j(b) = 10*b - 1. Is j(k) a prime number?
False
Suppose 2*f = -0*f + 10. Suppose -f*u + 3*u - 4*q + 24 = 0, -u - 3*q + 16 = 0. Is u a prime number?
False
Is 990 + 2*(-15)/(-10) prime?
False
Let j(o) = -7*o - 2. Suppose -5*r - 1 = -4*r. Let u = -4 - r. Is j(u) prime?
True
Let w(t) be the third derivative of -1/12*t**4 + 1/60*t**5 - t**2 + 37/120*t**6 + 0*t + 1/6*t**3 + 0. Is w(1) a composite number?
False
Let h(l) = l**3 + 6*l**2 + 6*l + 7. Let p be h(-5). Suppose 3*u = -p*u. Suppose -4*w + 152 - 28 = u. Is w a composite number?
False
Let d = 3991 + -1960. Is d a prime number?
False
Let b = 4 - -7. Suppose -2*d - b = 5*i - 6*d, 0 = -2*i + 2*d - 6. Is (-2 + i)*-1 - -2 prime?
True
Let z(x) = 13*x - 5. Let b be z(10). Let h be 2/(-8) - 497/(-4). Suppose -b = -3*v + h. Is v composite?
False
Suppose k + 360 = 5*k. Suppose n - k = -n. Suppose -2*s + 2*t = -3*s + n, 3*s - 3*t - 90 = 0. Is s prime?
False
Let n(a) = 62*a**2 - a + 7. Is n(-4) a prime number?
False
Suppose 0 = 2*d - 7*d + 20. Let b be 41 + (-1)/1 + 4. Suppose -d*f = -2*f - b. Is f prime?
False
Let b(t) = -t**2 + 2*t - 9. Let s(i) = 2*i**2 - 5*i + 19. Let v(r) = -9*b(r) - 4*s(r). Let l(a) = -a - 8. Let j be l(0). Is v(j) composite?
False
Suppose -5*z + 2*s = -1995, 0*s - 1593 = -4*z + s. Suppose 0 = 4*g - z + 121. Is g composite?
True
Let i(s) = 3*s**3 + s + 2*s - 9*s**3 - 2*s. Let m be i(-1). Suppose -m*d = 5*b - 161 - 259, 3*b = -5*d + 418. Is d a composite number?
False
Suppose -4*j + c + 4*c - 20 = 0, 4*c + 15 = -3*j. Let h(u) be the third derivative of -5*u**4/12 + u**3/2 + u**2. Is h(j) a composite number?
False
Let f be 18/4 + (-2)/(-4). Suppose f = -4*r + 89. Is r*-2*(-1)/6 a composite number?
False
Suppose 0 = w - 2*x - x + 21, 2*x = 4*w + 34. Let z = w + 12. Is z composite?
True
Suppose -3*w + 12 - 3 = 0. Let i(j) = w*j**3 - 5*j**2 - 3*j**3 + j**3 + j - 6 + 2*j. Is i(5) prime?
False
Suppose 0*c + 16 = -4*c, -4*s + 4*c + 28 = 0. Suppose -s*x = 4*h + 13, 4*h = -5*x - 3 - 0. Let l = 26 + h. Is l prime?
True
Let d(r) = r**3 + 8*r**2 - 3*r - 1. Suppose -7*y - 7 = -6*y. Let q be d(y). Let t = 122 - q. Is t composite?
False
Let h(s) = s**3 + 5*s**2 + 5*s + 6. Let b be h(-4). Let y = 25 + -22. Suppose b*i + 169 = y*i. Is i prime?
False
Let d(u) = 161*u**3 + u**2 - 1. Is d(1) composite?
True
Is (2 - 1 - -202)*1 composite?
True
Is 5/((-4)/(-4460)*5) prime?
False
Let q(k) = k**3 + 8*k**2 + 7*k + 4. Let b be q(-7). Suppose b*s = g + 93, -s + 2*g + 27 = -2*g. Is s a prime number?
True
Let j(s) = -s**2 - 11*s - 5. Let t = -11 + 6. Is j(t) a prime number?
False
Let z(c) = c**3 - c**2 + 13*c - 11. Is z(8) a composite number?
False
Suppose -1 = 2*d - 9. Suppose n + 379 = 3*h, d*n - 135 = -2*h + h. Is h prime?
True
Let c = 1152 + -233. Is c composite?
False
Let a be 1 + (-3)/6*-8. Suppose 10 = -0*q + a*q. Suppose -3*z + 101 = -4*w, -q*w - w = -3. Is z composite?
True
Let k(b) = -6*b + 4 - 10 + 3*b + 5*b. Let o be k(4). Suppose -y + 64 = c, -o*y + 21 = 3*c - 112. Is y a composite number?
False
Let i(q) = -q**3 + 20*q**2 + 10*q - 24. Is i(19) composite?
True
Let b be (3/(-2))/((-6)/(-8)). Let i(u) = 3 - 2 - 4*u - 2. Is i(b) prime?
True
Let y be 3*(-2)/(-3) - -5. Suppose 1 = 4*d - y. Suppose -i + 5*o + 83 = 0, -d*i + 4*o = 2*i - 332. Is i composite?
False
Let k(o) = 56*o + 1. Let m be 2 - 0*1/3. Is k(m) composite?
False
Suppose -3*m - 10 = 5*t, -2*t - t - 6 = 0. Is (-3)/3 - (m - 36) composite?
True
Let d = 231 + -89. Is d a composite number?
True
Let c = -7 + 9. Is 1/(c + -4)*-154 prime?
False
Suppose -5*p = 42 - 12. Let c(m) be the second derivative of m**4/6 + 7*m**3/6 - 4*m**2 + m. Is c(p) a prime number?
False
Let w(t) = 3*t**2 + t - 2. Let d be w(-2). Suppose -6*y + 2*y = d. Let o(h) = -16*h + 1. Is o(y) a composite number?
True
Let s(f) = 18*f**2 + 2. Let h be s(-7). Suppose -h = 5*g - 4*g. Is (-2)/8 + g/(-16) a composite number?
True
Let b be (0 + 58)*(-2)/(-4). Suppose 0 = x - 20 - b. Is x a composite number?
True
Suppose -2*o + 2*i - 14 = 0, 2*o - 3*i = 2*i - 2. Let h = -4 - o. Is h composite?
False
Is ((-26)/6)/(7/(-231)) prime?
False
Suppose 2*x + o = -4, -3 - 3 = 3*x + o. Let y = x - -2. Suppose 4*v = -3*h + 105, y = h - 3*v - 2*v - 16. Is h composite?
False
Let p(i) = i**3 - i**2 - 4*i + 5. Let j = 6 - 0. Is p(j) prime?
False
Let j = 97 - -9. Is j a composite number?
True
Let u = 877 - 431. Suppose 2*s = 5*w + u, -669 = -s - 2*s + 4*w. Is s a composite number?
False
Suppose -3*f + 0*f = 2*k + 15, 0 = -4*f + 5*k - 20. Let y(g) = -5*g + 2. Let z be y(7). Is (z/f)/(1/5) prime?
False
Let m = 14 + -10. Let q(n) = -n**2 + 5*n + 8. Let r be q(7). Is 42/4 + r/m composite?
True
Let u be (-1)/1*(5 + 1). Let d = u + 7. Is d + -1 - (-475)/5 prime?
False
Suppose -332 = -y - 3*c, 2*y = 7*y - 2*c - 1643. Suppose 2*x - 3*s - 339 = -0*s, 0 = -2*x + 5*s + y. Is x a composite number?
True
Suppose 4*j = j. Let v be 2 + j + 1 + 2. Suppose -52 - 223 = -v*o. Is o a prime number?
False
Let q = 0 + 4. Suppose 14 = 2*a - q. Is a prime?
False
Suppose 0*v + 1569 = 3*v - 4*s, 4*v + 5*s - 2061 = 0. Is v prime?
False
Let q(a) = a - 6. Let k be q(9). Suppose -4*y + y = k*l - 153, -200 = -4*y - 5*l. Is y a prime number?
False
Suppose -5*q - 26 = h, -5*h + 0*q + q - 26 = 0. Is ((-92)/6)/(h/9) a prime number?
True
Suppose 0 = -4*d - 3*a - 3, -5*a = d - 0*a + 5. Suppose -5*x - 11 = -4*h, h = -5*x - d - 16. Let r(m) = -8*m - 2. Is r(x) a composite number?
True
Let s(l) = 2*l - 2. Let t be s(4). Suppose 260 = t*j - 2*j. Is j a prime number?
False
Let h(s) = 2*s**2 + 2*s - 2. Let d be h(-2). Suppose z + 11 = d*z. Is z a prime number?
True
Suppose 3*i + 2 = 4*n - 6, n + 3*i = 2. Let a = 35 + n. Is a a prime number?
True
Let p = 28 - -7. Is p composite?
True
Suppose -5*o + 22 = -8. Let q be (90/o)/(3/2). Let c = -6 + q. Is c prime?
False
Let p(f) = -f**2 - 2*f + 158. Is p(0) a prime number?
False
Let m(u) = u**3 + 8*u**2 - u + 1. Let l be m(-8). Let c = 6 + l. Is c composite?
True
Suppose -5*z - 5736 = -4*a, 2*a + 3*a = 3*z + 7183. Is a composite?
False
Let p = 160 - 41. Is p composite?
True
Let x(o) = 13*o. Let h be x(4). Suppose -3*b + 125 = -h. Is b prime?
True
Suppose -7*z + 3*z = -1292. Is z prime?
False
Let h(w) = -3*w + 4 - 2*w - w**3 - w**2 - 2*w**2. Is h(-7) a prime number?
False
Is 1/((-201455)/50365 - -4) a prime number?
False
Suppose -4*b + 856 = -b - 5*z, 4*b - 3*z - 1145 = 0. Is b a composite number?
True
Suppose 0*j - 4*j = -3964. Is j a composite number?
False
Suppose j = -5, 2*r + r - 4*j = 20. Let u be r - (-1)/((-1)/(-3)). Suppose -u*o + 76 = f, 4*o + 158 = -3*f + 401. Is f composite?
True
Let t(u) = 2*u**2 + 15*u + 6. Suppose -5*r = -3*v - 24, -2*r - 5*v - 12 = -r. Suppose -2*k - r*b - 37 = 0, -3*k + 5*b + 69 = -7*k. Is t(k) prime?
True
Let f = -115 + 69. Let m be -12*(34/6 - 3). Let o = m - f. Is o composite?
True
Let m(f) = -f**3 - 20*f**2 + 12*f + 14. Is m(-21) a composite number?
True
Suppose -4*s = -7*s. Suppose -154 = -s*m - 2*m. Is m a composite number?
True
Let v be (-4)/(-18) - 796/18. Let y = v + 79. Is y prime?
False
Let b(g) = -6*g**2 - 8*g + 10*g**2 - 3*g**2 + g**3 + 9 + 10*g**2. Is b(-8) composite?
True
Let y(g) = g**3 - 2*g**2 - 10*g - 3. Let f be y(8). Suppose -5*h - 271 + 1061 = 5*a, -2*h - 5*a + f = 0. Is h prime?
True
Let j(i) = i**2 + 12*i + 22. Let l be j(-10). Is 1/(l + (-1983)/993) a prime number?
True
Let q(k) = -k**3 - 8*k**2 - 7*k - 11. Let p(x) = -3*x**3 - 24*x**2 - 21*x - 32. Let f(b) = 6*p(b) - 17*q(b). Let h be f(-7). Let j = 6 - h. Is j prime?
True
Let m(b) = b + 6. Let s be m(-3). Suppose -4*v 